the remainder when 1596 is divided by 178.
172
What is the remainder when 118 is divided by 67?
51
Calculate the remainder when 8106 is divided by 135.
6
What is the remainder when 576 is divided by 113?
11
What is the remainder when 4069 is divided by 69?
67
What is the remainder when 416 is divided by 20?
16
Calculate the remainder when 511 is divided by 123.
19
Calculate the remainder when 5900 is divided by 16.
12
Calculate the remainder when 1187 is divided by 304.
275
Calculate the remainder when 220 is divided by 220.
0
Calculate the remainder when 412 is divided by 296.
116
Calculate the remainder when 164 is divided by 26.
8
What is the remainder when 42 is divided by 16?
10
Calculate the remainder when 120 is divided by 19.
6
Calculate the remainder when 110 is divided by 97.
13
Calculate the remainder when 7161 is divided by 36.
33
What is the remainder when 27 is divided by 17?
10
Calculate the remainder when 717 is divided by 5.
2
What is the remainder when 356 is divided by 11?
4
What is the remainder when 2551 is divided by 323?
290
What is the remainder when 67 is divided by 44?
23
What is the remainder when 523 is divided by 107?
95
Calculate the remainder when 1405 is divided by 64.
61
What is the remainder when 218 is divided by 16?
10
Calculate the remainder when 12399 is divided by 39.
36
What is the remainder when 123 is divided by 18?
15
Calculate the remainder when 230 is divided by 70.
20
What is the remainder when 310 is divided by 154?
2
Calculate the remainder when 397 is divided by 24.
13
Calculate the remainder when 198 is divided by 65.
3
Calculate the remainder when 31 is divided by 11.
9
Calculate the remainder when 775 is divided by 239.
58
What is the remainder when 2117 is divided by 50?
17
Calculate the remainder when 85 is divided by 40.
5
Calculate the remainder when 18490 is divided by 92.
90
What is the remainder when 6887 is divided by 123?
122
Calculate the remainder when 1003 is divided by 84.
79
What is the remainder when 550 is divided by 23?
21
What is the remainder when 197 is divided by 43?
25
What is the remainder when 2989 is divided by 115?
114
Calculate the remainder when 206 is divided by 23.
22
What is the remainder when 389 is divided by 29?
12
What is the remainder when 1988 is divided by 43?
10
Calculate the remainder when 3897 is divided by 20.
17
Calculate the remainder when 589 is divided by 24.
13
What is the remainder when 8297 is divided by 4146?
5
What is the remainder when 8082 is divided by 33?
30
Calculate the remainder when 914 is divided by 57.
2
Calculate the remainder when 646 is divided by 11.
8
Calculate the remainder when 751 is divided by 367.
17
What is the remainder when 48 is divided by 17?
14
What is the remainder when 37 is divided by 11?
4
What is the remainder when 133 is divided by 68?
65
What is the remainder when 993 is divided by 91?
83
What is the remainder when 112 is divided by 58?
54
What is the remainder when 241 is divided by 81?
79
What is the remainder when 349 is divided by 36?
25
What is the remainder when 328 is divided by 30?
28
Calculate the remainder when 935 is divided by 229.
19
Calculate the remainder when 181 is divided by 86.
9
What is the remainder when 22033 is divided by 46?
45
What is the remainder when 154 is divided by 48?
10
Calculate the remainder when 90 is divided by 31.
28
Calculate the remainder when 796 is divided by 25.
21
Calculate the remainder when 168 is divided by 143.
25
What is the remainder when 10401 is divided by 289?
286
What is the remainder when 114 is divided by 7?
2
Calculate the remainder when 1215 is divided by 7.
4
Calculate the remainder when 392 is divided by 79.
76
What is the remainder when 238 is divided by 122?
116
What is the remainder when 1352 is divided by 48?
8
Calculate the remainder when 86 is divided by 10.
6
Calculate the remainder when 2460 is divided by 14.
10
What is the remainder when 7851 is divided by 102?
99
Calculate the remainder when 4261 is divided by 41.
38
Calculate the remainder when 21 is divided by 15.
6
What is the remainder when 29 is divided by 5?
4
What is the remainder when 1793 is divided by 67?
51
Calculate the remainder when 257 is divided by 89.
79
What is the remainder when 1972 is divided by 40?
12
What is the remainder when 4170 is divided by 39?
36
What is the remainder when 1740 is divided by 134?
132
What is the remainder when 462 is divided by 121?
99
What is the remainder when 166 is divided by 52?
10
Calculate the remainder when 87 is divided by 37.
13
What is the remainder when 241 is divided by 80?
1
What is the remainder when 933 is divided by 458?
17
Calculate the remainder when 194 is divided by 43.
22
What is the remainder when 49 is divided by 14?
7
Calculate the remainder when 4399 is divided by 11.
10
Calculate the remainder when 27 is divided by 16.
11
What is the remainder when 49 is divided by 17?
15
What is the remainder when 2110 is divided by 73?
66
Calculate the remainder when 193 is divided by 51.
40
Calculate the remainder when 139 is divided by 19.
6
Calculate the remainder when 2875 is divided by 36.
31
Calculate the remainder when 1461 is divided by 61.
58
Calculate the remainder when 44 is divided by 18.
8
Calculate the remainder when 201 is divided by 9.
3
Calculate the remainder when 1005 is divided by 500.
5
What is the remainder when 93 is divided by 43?
7
Calculate the remainder when 136 is divided by 72.
64
Calculate the remainder when 355 is divided by 17.
15
Calculate the remainder when 369 is divided by 7.
5
What is the remainder when 331 is divided by 87?
70
Calculate the remainder when 247 is divided by 64.
55
Calculate the remainder when 194 is divided by 26.
12
Calculate the remainder when 309 is divided by 63.
57
Calculate the remainder when 14 is divided by 2.
0
What is the remainder when 96 is divided by 24?
0
What is the remainder when 8817 is divided by 147?
144
What is the remainder when 535 is divided by 529?
6
Calculate the remainder when 8684 is divided by 79.
73
Calculate the remainder when 156 is divided by 132.
24
Calculate the remainder when 103 is divided by 21.
19
Calculate the remainder when 204 is divided by 80.
44
What is the remainder when 77 is divided by 63?
14
What is the remainder when 524 is divided by 125?
24
Calculate the remainder when 739 is divided by 67.
2
What is the remainder when 106 is divided by 25?
6
Calculate the remainder when 164 is divided by 56.
52
What is the remainder when 333 is divided by 67?
65
Calculate the remainder when 54 is divided by 29.
25
Calculate the remainder when 363 is divided by 28.
27
What is the remainder when 48 is divided by 4?
0
Calculate the remainder when 891 is divided by 145.
21
Calculate the remainder when 75 is divided by 20.
15
What is the remainder when 12279 is divided by 40?
39
Calculate the remainder when 2006 is divided by 133.
11
Calculate the remainder when 2150 is divided by 1075.
0
Calculate the remainder when 236 is divided by 82.
72
Calculate the remainder when 853 is divided by 26.
21
What is the remainder when 321 is divided by 70?
41
Calculate the remainder when 184 is divided by 62.
60
What is the remainder when 191 is divided by 91?
9
Calculate the remainder when 251 is divided by 51.
47
What is the remainder when 493 is divided by 101?
89
What is the remainder when 5763 is divided by 33?
21
Calculate the remainder when 77 is divided by 32.
13
What is the remainder when 1231 is divided by 9?
7
What is the remainder when 749 is divided by 249?
2
Calculate the remainder when 356 is divided by 117.
5
Calculate the remainder when 3064 is divided by 123.
112
What is the remainder when 39 is divided by 15?
9
What is the remainder when 689 is divided by 21?
17
Calculate the remainder when 221 is divided by 22.
1
Calculate the remainder when 39 is divided by 29.
10
Calculate the remainder when 50 is divided by 18.
14
What is the remainder when 3443 is divided by 14?
13
Calculate the remainder when 377 is divided by 67.
42
What is the remainder when 10049 is divided by 14?
11
Calculate the remainder when 268 is divided by 30.
28
Calculate the remainder when 1413 is divided by 14.
13
What is the remainder when 31 is divided by 8?
7
What is the 